ate the remainder when 74556 is divided by 45.
36
Calculate the remainder when 354264 is divided by 118076.
36
Calculate the remainder when 160539 is divided by 1396.
1395
Calculate the remainder when 8744 is divided by 2902.
38
What is the remainder when 538199 is divided by 200?
199
Calculate the remainder when 21360 is divided by 285.
270
What is the remainder when 6361989 is divided by 504?
501
What is the remainder when 2607 is divided by 90?
87
What is the remainder when 325987 is divided by 97?
67
What is the remainder when 16451 is divided by 45?
26
What is the remainder when 32128 is divided by 1820?
1188
What is the remainder when 875 is divided by 6?
5
What is the remainder when 73774 is divided by 35?
29
Calculate the remainder when 4044 is divided by 306.
66
What is the remainder when 289253 is divided by 18077?
21
What is the remainder when 7009 is divided by 46?
17
Calculate the remainder when 10656 is divided by 2440.
896
Calculate the remainder when 77986 is divided by 11.
7
What is the remainder when 71732 is divided by 14346?
2
What is the remainder when 87557 is divided by 207?
203
Calculate the remainder when 5705 is divided by 230.
185
Calculate the remainder when 3699 is divided by 265.
254
What is the remainder when 377 is divided by 372?
5
Calculate the remainder when 146637 is divided by 19.
14
What is the remainder when 2458 is divided by 1177?
104
What is the remainder when 7190 is divided by 195?
170
Calculate the remainder when 2124 is divided by 17.
16
What is the remainder when 18219 is divided by 211?
73
Calculate the remainder when 6324 is divided by 65.
19
What is the remainder when 372 is divided by 205?
167
What is the remainder when 3046 is divided by 331?
67
What is the remainder when 2560 is divided by 144?
112
What is the remainder when 16696 is divided by 20?
16
What is the remainder when 3949 is divided by 3514?
435
What is the remainder when 1579665 is divided by 789818?
29
What is the remainder when 6322 is divided by 1444?
546
What is the remainder when 92694 is divided by 30890?
24
What is the remainder when 518054 is divided by 319?
317
Calculate the remainder when 3061 is divided by 31.
23
What is the remainder when 7270 is divided by 1196?
94
What is the remainder when 177732 is divided by 19748?
0
Calculate the remainder when 101540 is divided by 1.
0
What is the remainder when 264 is divided by 131?
2
Calculate the remainder when 3937 is divided by 1144.
505
Calculate the remainder when 89588 is divided by 3199.
16
What is the remainder when 28330 is divided by 9432?
34
What is the remainder when 224 is divided by 15?
14
What is the remainder when 1452 is divided by 484?
0
What is the remainder when 48599 is divided by 6939?
26
Calculate the remainder when 708 is divided by 80.
68
Calculate the remainder when 5122 is divided by 507.
52
What is the remainder when 11930 is divided by 23?
16
What is the remainder when 10482 is divided by 1309?
10
What is the remainder when 64906 is divided by 146?
82
What is the remainder when 3633 is divided by 96?
81
Calculate the remainder when 3644 is divided by 1119.
287
What is the remainder when 13276 is divided by 51?
16
Calculate the remainder when 331095 is divided by 417.
414
What is the remainder when 3786 is divided by 65?
16
Calculate the remainder when 25212 is divided by 1200.
12
Calculate the remainder when 1912 is divided by 950.
12
Calculate the remainder when 4101 is divided by 3840.
261
What is the remainder when 17220 is divided by 1713?
90
What is the remainder when 8853 is divided by 50?
3
Calculate the remainder when 395 is divided by 26.
5
Calculate the remainder when 6342 is divided by 5874.
468
What is the remainder when 443 is divided by 436?
7
Calculate the remainder when 46856 is divided by 29.
21
Calculate the remainder when 8324 is divided by 246.
206
Calculate the remainder when 1963 is divided by 82.
77
Calculate the remainder when 254217 is divided by 12.
9
What is the remainder when 3389 is divided by 459?
176
What is the remainder when 17770 is divided by 1949?
229
What is the remainder when 433211 is divided by 60?
11
What is the remainder when 16444 is divided by 2348?
8
Calculate the remainder when 32905 is divided by 270.
235
What is the remainder when 12724 is divided by 551?
51
Calculate the remainder when 240157 is divided by 289.
287
Calculate the remainder when 6181 is divided by 115.
86
Calculate the remainder when 2148 is divided by 8.
4
Calculate the remainder when 6697 is divided by 1250.
447
Calculate the remainder when 41738 is divided by 147.
137
Calculate the remainder when 9087 is divided by 539.
463
What is the remainder when 23688 is divided by 304?
280
Calculate the remainder when 18287 is divided by 535.
97
Calculate the remainder when 351380 is divided by 139.
127
Calculate the remainder when 57788 is divided by 19260.
8
Calculate the remainder when 15138 is divided by 5038.
24
What is the remainder when 7265 is divided by 324?
137
What is the remainder when 48515 is divided by 949?
116
What is the remainder when 42420 is divided by 719?
718
Calculate the remainder when 7680 is divided by 492.
300
Calculate the remainder when 21016 is divided by 10508.
0
What is the remainder when 572879 is divided by 27279?
20
What is the remainder when 1928 is divided by 216?
200
What is the remainder when 9423 is divided by 301?
92
Calculate the remainder when 131475 is divided by 40.
35
Calculate the remainder when 39950 is divided by 19966.
18
Calculate the remainder when 234969 is divided by 13.
7
Calculate the remainder when 166489 is divided by 39.
37
What is the remainder when 22602 is divided by 685?
682
What is the remainder when 7074 is divided by 706?
14
What is the remainder when 851 is divided by 230?
161
Calculate the remainder when 250634 is divided by 91.
20
Calculate the remainder when 14739 is divided by 63.
60
What is the remainder when 406 is divided by 68?
66
What is the remainder when 86137 is divided by 43054?
29
Calculate the remainder when 5449078 is divided by 390.
388
Calculate the remainder when 358826 is divided by 142.
134
What is the remainder when 35643 is divided by 1697?
6
What is the remainder when 7831 is divided by 253?
241
What is the remainder when 26475 is divided by 153?
6
What is the remainder when 17808 is divided by 137?
135
Calculate the remainder when 129705 is divided by 14401.
96
Calculate the remainder when 1265626 is divided by 11.
10
Calculate the remainder when 83231 is divided by 27741.
8
Calculate the remainder when 1949521 is divided by 782.
777
Calculate the remainder when 32006 is divided by 10666.
8
What is the remainder when 11875952 is divided by 65?
62
What is the remainder when 5665 is divided by 74?
41
What is the remainder when 784 is divided by 180?
64
What is the remainder when 79193 is divided by 10?
3
What is the remainder when 17079 is divided by 16845?
234
Calculate the remainder when 2446 is divided by 811.
13
What is the remainder when 113 is divided by 92?
21
What is the remainder when 8035 is divided by 43?
37
Calculate the remainder when 5759 is divided by 17.
13
Calculate the remainder when 77138 is divided by 185.
178
What is the remainder when 2275 is divided by 39?
13
Calculate the remainder when 5088 is divided by 1271.
4
What is the remainder when 213462 is divided by 105?
102
Calculate the remainder when 2487 is divided by 606.
63
What is the remainder when 17847 is divided by 200?
47
Calculate the remainder when 45293 is divided by 9039.
98
What is the remainder when 189359 is divided by 10?
9
Calculate the remainder when 290323 is divided by 8.
3
What is the remainder when 71002 is divided by 317?
311
Calculate the remainder when 13281 is divided by 6556.
169
Calculate the remainder when 15522 is divided by 574.
24
Calculate the remainder when 7012 is divided by 7.
5
What is the remainder when 581 is divided by 5?
1
Calculate the remainder when 11678 is divided by 135.
68
What is the remainder when 18571 is divided by 177?
163
Calculate the remainder when 56374 is divided by 32.
22
Calculate the remainder when 4699 is divided by 108.
55
What is the remainder when 183148 is divided by 36622?
38
Calculate the remainder when 8062 is